{"id":3798,"date":"2024-01-18T16:17:12","date_gmt":"2024-01-18T16:17:12","guid":{"rendered":"https:\/\/bellevue.bellevueong.org\/?page_id=3798"},"modified":"2024-01-18T16:22:29","modified_gmt":"2024-01-18T16:22:29","slug":"protection-de-lenfant","status":"publish","type":"page","link":"https:\/\/bellevue.bellevueong.org\/?page_id=3798","title":{"rendered":"Protection de l&#8217;enfant"},"content":{"rendered":"\t\t<div data-elementor-type=\"wp-page\" data-elementor-id=\"3798\" class=\"elementor elementor-3798\">\n\t\t\t\t\t\t\t\t\t<section class=\"has_eae_slider elementor-section elementor-top-section elementor-element elementor-element-40d0c000 elementor-section-full_width elementor-section-height-min-height elementor-section-height-default elementor-section-items-middle\" data-id=\"40d0c000\" data-element_type=\"section\" id=\"action\" data-settings=\"{&quot;background_background&quot;:&quot;classic&quot;}\">\n\t\t\t\t\t\t<div class=\"elementor-container elementor-column-gap-default\">\n\t\t\t\t\t<div class=\"has_eae_slider elementor-column elementor-col-100 elementor-top-column elementor-element elementor-element-41e171d7\" data-id=\"41e171d7\" data-element_type=\"column\">\n\t\t\t<div class=\"elementor-widget-wrap elementor-element-populated\">\n\t\t\t\t\t\t\t\t<div class=\"elementor-element elementor-element-63ce3038 elementor-widget elementor-widget-heading\" data-id=\"63ce3038\" data-element_type=\"widget\" data-widget_type=\"heading.default\">\n\t\t\t\t<div class=\"elementor-widget-container\">\n\t\t\t<style>\/*! elementor - v3.18.0 - 20-12-2023 *\/\n.elementor-heading-title{padding:0;margin:0;line-height:1}.elementor-widget-heading .elementor-heading-title[class*=elementor-size-]>a{color:inherit;font-size:inherit;line-height:inherit}.elementor-widget-heading .elementor-heading-title.elementor-size-small{font-size:15px}.elementor-widget-heading .elementor-heading-title.elementor-size-medium{font-size:19px}.elementor-widget-heading .elementor-heading-title.elementor-size-large{font-size:29px}.elementor-widget-heading .elementor-heading-title.elementor-size-xl{font-size:39px}.elementor-widget-heading .elementor-heading-title.elementor-size-xxl{font-size:59px}<\/style><h2 class=\"elementor-heading-title elementor-size-default\">Protection de l'enfant<\/h2>\t\t<\/div>\n\t\t\t\t<\/div>\n\t\t\t\t\t<\/div>\n\t\t<\/div>\n\t\t\t\t\t\t\t<\/div>\n\t\t<\/section>\n\t\t\t\t<section class=\"has_eae_slider elementor-section elementor-top-section elementor-element elementor-element-2e765443 elementor-section-boxed elementor-section-height-default elementor-section-height-default\" data-id=\"2e765443\" data-element_type=\"section\">\n\t\t\t\t\t\t<div class=\"elementor-container elementor-column-gap-default\">\n\t\t\t\t\t<div class=\"has_eae_slider elementor-column elementor-col-50 elementor-top-column elementor-element elementor-element-3892f049\" data-id=\"3892f049\" data-element_type=\"column\">\n\t\t\t<div class=\"elementor-widget-wrap elementor-element-populated\">\n\t\t\t\t\t\t\t\t<div class=\"elementor-element elementor-element-5344f32e elementor-widget elementor-widget-heading\" data-id=\"5344f32e\" data-element_type=\"widget\" data-widget_type=\"heading.default\">\n\t\t\t\t<div class=\"elementor-widget-container\">\n\t\t\t<h2 class=\"elementor-heading-title elementor-size-default\">Promouvoir le renforcement de la famille<\/h2>\t\t<\/div>\n\t\t\t\t<\/div>\n\t\t\t\t<div class=\"elementor-element elementor-element-6d670d31 elementor-widget elementor-widget-text-editor\" data-id=\"6d670d31\" data-element_type=\"widget\" data-widget_type=\"text-editor.default\">\n\t\t\t\t<div class=\"elementor-widget-container\">\n\t\t\t<style>\/*! elementor - v3.18.0 - 20-12-2023 *\/\n.elementor-widget-text-editor.elementor-drop-cap-view-stacked .elementor-drop-cap{background-color:#69727d;color:#fff}.elementor-widget-text-editor.elementor-drop-cap-view-framed .elementor-drop-cap{color:#69727d;border:3px solid;background-color:transparent}.elementor-widget-text-editor:not(.elementor-drop-cap-view-default) .elementor-drop-cap{margin-top:8px}.elementor-widget-text-editor:not(.elementor-drop-cap-view-default) .elementor-drop-cap-letter{width:1em;height:1em}.elementor-widget-text-editor .elementor-drop-cap{float:left;text-align:center;line-height:1;font-size:50px}.elementor-widget-text-editor .elementor-drop-cap-letter{display:inline-block}<\/style>\t\t\t\t<p>Nous travaillons en conformit\u00e9 avec les lignes directrices des nations unies relatives \u00e0 la protection de remplacement pour les enfants et la r\u00e9solution des nations unies de 2019 sur les droits de l\u2019enfant ax\u00e9e sur les enfants priv\u00e9s de protection parentale. A ce titre, nous avons entrepris des recherches pour mieux comprendre les raisons qui contribuent \u00e0 la s\u00e9paration familiale et nous avons utilis\u00e9 ces connaissances pour d\u00e9finir nos strat\u00e9gies en termes de renforcement de la famille. Nous offrons un soutien sp\u00e9cialis\u00e9 en mati\u00e8re de renforcement de la famille \u00e0 ceux qui en ont besoin. Ceci comprend la r\u00e9solution de conflits et la m\u00e9diation, l\u2019orientation, le traitement de l\u2019abus de substances et les r\u00e9unions permettant d\u2019exposer des cas particuliers. Nous favorisons l\u2019autonomie des familles, en permettant un d\u00e9veloppement de leurs capacit\u00e9s et en les soutenant dans l\u2019utilisation de leurs propres ressources.<\/p><p>Nous fournissons un soutien aux parents c\u00e9libataires, tel qu\u2019une sensibilisation publique afin de r\u00e9duire la stigmatisation ; un acc\u00e8s \u00e0 la prise en charge journali\u00e8re ; et une assistance financi\u00e8re lorsqu\u2019elle est requise.<\/p><p>Par ailleurs, nous fournissons un soutien aux parents au moyen d\u2019approches diversifi\u00e9es, telles que : des cours et une formation relatifs \u00e0 la parentalit\u00e9 positive ; l\u2019offre d\u2019informations accessibles ; l\u2019acc\u00e8s \u00e0 des professionnels qualifi\u00e9s pour soutenir les familles ; des visites \u00e0 domicile ; des groupes par l\u2019interm\u00e9diaire desquels les parents peuvent se rencontrer ; des centres familiaux ; et un acc\u00e8s au soutien communautaire informel.<\/p><p>Dans le cadre de notre renforcement de la famille, nous soutenons le d\u00e9veloppement des pouvoir \u00e9conomique des familles \u00e0 travers des femmes qui m\u00e8nent des activit\u00e9s g\u00e9n\u00e9ratrices de revenus qui leur permettent de mieux prendre en charge leurs enfants.<\/p><p>\u00a0<\/p>\t\t\t\t\t\t<\/div>\n\t\t\t\t<\/div>\n\t\t\t\t<div class=\"elementor-element elementor-element-33836055 elementor-widget elementor-widget-heading\" data-id=\"33836055\" data-element_type=\"widget\" data-widget_type=\"heading.default\">\n\t\t\t\t<div class=\"elementor-widget-container\">\n\t\t\t<h2 class=\"elementor-heading-title elementor-size-default\">Promouvoir les initiatives communautaires de protection de l\u2019enfant \net d\u2019accompagnement des femmes<\/h2>\t\t<\/div>\n\t\t\t\t<\/div>\n\t\t\t\t<div class=\"elementor-element elementor-element-3fc4cb7d elementor-widget elementor-widget-text-editor\" data-id=\"3fc4cb7d\" data-element_type=\"widget\" data-widget_type=\"text-editor.default\">\n\t\t\t\t<div class=\"elementor-widget-container\">\n\t\t\t\t\t\t\t<p>L\u2019approche communautaire de la protection et de l\u2019accompagnement des femmes est une fa\u00e7on de travailler en partenariat avec les personnes que nous servons \u00e0 tous les stades du cycle de programme de Bellevue ONG gr\u00e2ce \u00e0 des m\u00e9canismes bien huil\u00e9s. Un m\u00e9canisme Communautaire de Protection de l\u2019Enfance est un r\u00e9seau ou un groupe de personnes au niveau communautaire qui travaille de fa\u00e7on coordonn\u00e9e pour r\u00e9aliser les objectifs relatifs \u00e0 la protection de l\u2019enfance et \u00e0 l\u2019accompagnement des femmes. Ces m\u00e9canismes peuvent prendre la forme d\u2019un point focal, d\u2019un groupe ou d\u2019un r\u00e9seau de membres de la communaut\u00e9 ayant un r\u00f4le en mati\u00e8re de Protection de l\u2019Enfance ou d\u2019accompagnement des femmes (assistant social, professeurs, personnel m\u00e9dical, parents, les personnes \u00e2g\u00e9es, et les autres volontaires). Les groupes d\u2019enfants et d\u2019adolescents font partie des m\u00e9canismes communautaires de Protection de l\u2019Enfant, permettant aux enfants eux-m\u00eames de jouer un v\u00e9ritable r\u00f4le dans leur propre protection. Les groupes communautaires de Protection de l\u2019enfant et d\u2019accompagnement des femmes jouent g\u00e9n\u00e9ralement plusieurs r\u00f4les diff\u00e9rents en fonction du contexte et des capacit\u00e9s existantes de la communaut\u00e9. Certains comit\u00e9s se concentrent sur les probl\u00e9matiques plus larges relatives \u00e0 la protection ou au bien-\u00eatre de l\u2019enfant alors que d\u2019autres ont des objectifs plus restreints, comme le soutien et le suivi des enfants non accompagn\u00e9s, ou encore la lutte contre la traite \/ le trafic des enfants, l\u2019accompagnement des femmes dans leurs activit\u00e9s g\u00e9n\u00e9ratrices de revenus, la parentalit\u00e9 positive, etc.<\/p><p>Les groupes communautaires de de Protection de l\u2019Enfant et de l\u2019Accompagnement des femmes sont impliqu\u00e9s dans :<\/p><ul><li>L\u2019identification des pr\u00e9occupations s\u00e9curitaires et de vuln\u00e9rabilit\u00e9s pour les enfants et les femmes\u00a0;<\/li><li>La sensibilisation aux droits de l\u2019enfant, \u00e0 la protection de l\u2019enfant et au bien-\u00eatre de la femme\u00a0;<\/li><li>L\u2019orientation et l\u2019accompagnement des enfants, des femmes et de leurs familles vers les services appropri\u00e9s existants dans la communaut\u00e9\u00a0;<\/li><li>La fourniture de mesures de soutien psychosocial, \u00e9motionnel, et spirituel pour les enfants et les femmes vuln\u00e9rables\u00a0;<\/li><li>Le plaidoyer pour les droits des enfants et des femmes\u00a0;<\/li><li>L\u2019identification des enfants et des femmes en situation de risque accru\u00a0;<\/li><li>La prise en charge de remplacement y compris les familles d\u2019accueil pour les enfants vivant sans prise en charge adapt\u00e9e\u00a0et la r\u00e9insertion d\u2019enfants dans leurs familles respectives\u00a0;<\/li><li>La r\u00e9solution des disputes et les m\u00e9diations (pour les probl\u00e8mes familiaux, etc.)\u00a0;<\/li><li>L\u2019information des communaut\u00e9s \u00e0 propos des services \u00e0 disposition\u00a0;<\/li><li>Les programmes relatifs aux comp\u00e9tences essentielles et aux pratiques parentales favorables.<\/li><\/ul>\t\t\t\t\t\t<\/div>\n\t\t\t\t<\/div>\n\t\t\t\t\t<\/div>\n\t\t<\/div>\n\t\t\t\t<div class=\"has_eae_slider elementor-column elementor-col-50 elementor-top-column elementor-element elementor-element-696d87e2\" data-id=\"696d87e2\" data-element_type=\"column\">\n\t\t\t<div class=\"elementor-widget-wrap elementor-element-populated\">\n\t\t\t\t\t\t\t\t<div class=\"elementor-element elementor-element-74e82143 elementor-widget elementor-widget-image\" data-id=\"74e82143\" data-element_type=\"widget\" data-widget_type=\"image.default\">\n\t\t\t\t<div class=\"elementor-widget-container\">\n\t\t\t<style>\/*! elementor - v3.18.0 - 20-12-2023 *\/\n.elementor-widget-image{text-align:center}.elementor-widget-image a{display:inline-block}.elementor-widget-image a img[src$=\".svg\"]{width:48px}.elementor-widget-image img{vertical-align:middle;display:inline-block}<\/style>\t\t\t\t\t\t\t\t\t\t\t\t<img fetchpriority=\"high\" decoding=\"async\" width=\"540\" height=\"960\" src=\"https:\/\/bellevue.bellevueong.org\/wp-content\/uploads\/2024\/01\/IMG-20230602-WA0019.jpg\" class=\"attachment-large size-large wp-image-3745\" alt=\"\" srcset=\"https:\/\/bellevue.bellevueong.org\/wp-content\/uploads\/2024\/01\/IMG-20230602-WA0019.jpg 540w, https:\/\/bellevue.bellevueong.org\/wp-content\/uploads\/2024\/01\/IMG-20230602-WA0019-169x300.jpg 169w\" sizes=\"(max-width: 540px) 100vw, 540px\" \/>\t\t\t\t\t\t\t\t\t\t\t\t\t\t\t<\/div>\n\t\t\t\t<\/div>\n\t\t\t\t<div class=\"elementor-element elementor-element-1edba5ef elementor-widget elementor-widget-image\" data-id=\"1edba5ef\" data-element_type=\"widget\" data-widget_type=\"image.default\">\n\t\t\t\t<div class=\"elementor-widget-container\">\n\t\t\t\t\t\t\t\t\t\t\t\t\t\t\t<img decoding=\"async\" width=\"768\" height=\"1024\" src=\"https:\/\/bellevue.bellevueong.org\/wp-content\/uploads\/2024\/01\/IMG-20230602-WA0016.jpg\" class=\"attachment-large size-large wp-image-3746\" alt=\"\" srcset=\"https:\/\/bellevue.bellevueong.org\/wp-content\/uploads\/2024\/01\/IMG-20230602-WA0016.jpg 768w, https:\/\/bellevue.bellevueong.org\/wp-content\/uploads\/2024\/01\/IMG-20230602-WA0016-225x300.jpg 225w\" sizes=\"(max-width: 768px) 100vw, 768px\" \/>\t\t\t\t\t\t\t\t\t\t\t\t\t\t\t<\/div>\n\t\t\t\t<\/div>\n\t\t\t\t\t<\/div>\n\t\t<\/div>\n\t\t\t\t\t\t\t<\/div>\n\t\t<\/section>\n\t\t\t\t<section class=\"has_eae_slider elementor-section elementor-top-section elementor-element elementor-element-5b985f42 elementor-section-full_width elementor-section-height-min-height elementor-section-content-middle elementor-section-height-default elementor-section-items-middle\" data-id=\"5b985f42\" data-element_type=\"section\" data-settings=\"{&quot;background_background&quot;:&quot;classic&quot;}\">\n\t\t\t\t\t\t<div class=\"elementor-container elementor-column-gap-default\">\n\t\t\t\t\t<div class=\"has_eae_slider elementor-column elementor-col-100 elementor-top-column elementor-element elementor-element-71288fa4\" data-id=\"71288fa4\" data-element_type=\"column\" data-settings=\"{&quot;background_background&quot;:&quot;classic&quot;}\">\n\t\t\t<div class=\"elementor-widget-wrap elementor-element-populated\">\n\t\t\t\t\t\t\t\t<div class=\"elementor-element elementor-element-3573f4bd elementor-widget elementor-widget-heading\" data-id=\"3573f4bd\" data-element_type=\"widget\" data-widget_type=\"heading.default\">\n\t\t\t\t<div class=\"elementor-widget-container\">\n\t\t\t<h2 class=\"elementor-heading-title elementor-size-default\">Faites un don <\/h2>\t\t<\/div>\n\t\t\t\t<\/div>\n\t\t\t\t<section class=\"has_eae_slider elementor-section elementor-inner-section elementor-element elementor-element-663c4366 elementor-section-height-min-height elementor-section-boxed elementor-section-height-default\" data-id=\"663c4366\" data-element_type=\"section\">\n\t\t\t\t\t\t<div class=\"elementor-container elementor-column-gap-default\">\n\t\t\t\t\t<div class=\"has_eae_slider elementor-column elementor-col-100 elementor-inner-column elementor-element elementor-element-69b9abb1\" data-id=\"69b9abb1\" data-element_type=\"column\">\n\t\t\t<div class=\"elementor-widget-wrap elementor-element-populated\">\n\t\t\t\t\t\t\t\t<div class=\"elementor-element elementor-element-68e642b6 elementor-widget__width-initial elementor-widget elementor-widget-heading\" data-id=\"68e642b6\" data-element_type=\"widget\" data-widget_type=\"heading.default\">\n\t\t\t\t<div class=\"elementor-widget-container\">\n\t\t\t<h2 class=\"elementor-heading-title elementor-size-default\">Je soutiens les actions de Bellevue ong<br> pour la protection de l'environnement.<\/h2>\t\t<\/div>\n\t\t\t\t<\/div>\n\t\t\t\t\t<\/div>\n\t\t<\/div>\n\t\t\t\t\t\t\t<\/div>\n\t\t<\/section>\n\t\t\t\t<div class=\"elementor-element elementor-element-1359b41 elementor-align-center elementor-widget elementor-widget-button\" data-id=\"1359b41\" data-element_type=\"widget\" data-widget_type=\"button.default\">\n\t\t\t\t<div class=\"elementor-widget-container\">\n\t\t\t\t\t<div class=\"elementor-button-wrapper\">\n\t\t\t<a class=\"elementor-button elementor-button-link elementor-size-sm\" href=\"#\">\n\t\t\t\t\t\t<span class=\"elementor-button-content-wrapper\">\n\t\t\t\t\t\t<span class=\"elementor-button-text\">JE FAIS UN DON<\/span>\n\t\t<\/span>\n\t\t\t\t\t<\/a>\n\t\t<\/div>\n\t\t\t\t<\/div>\n\t\t\t\t<\/div>\n\t\t\t\t\t<\/div>\n\t\t<\/div>\n\t\t\t\t\t\t\t<\/div>\n\t\t<\/section>\n\t\t\t\t\t\t\t<\/div>\n\t\t","protected":false},"excerpt":{"rendered":"<p>Protection de l&#8217;enfant Promouvoir le renforcement de la famille Nous travaillons en conformit\u00e9 avec les lignes directrices des nations unies relatives \u00e0 la protection de remplacement pour les enfants et la r\u00e9solution des nations unies de 2019 sur les droits de l\u2019enfant ax\u00e9e sur les enfants priv\u00e9s de protection parentale. A ce titre, nous avons [&hellip;]<\/p>\n","protected":false},"author":1,"featured_media":0,"parent":0,"menu_order":0,"comment_status":"closed","ping_status":"closed","template":"","meta":{"_uag_custom_page_level_css":"","site-sidebar-layout":"no-sidebar","site-content-layout":"page-builder","ast-site-content-layout":"full-width-container","site-content-style":"default","site-sidebar-style":"default","ast-global-header-display":"","ast-banner-title-visibility":"","ast-main-header-display":"","ast-hfb-above-header-display":"","ast-hfb-below-header-display":"","ast-hfb-mobile-header-display":"","site-post-title":"disabled","ast-breadcrumbs-content":"","ast-featured-img":"disabled","footer-sml-layout":"","theme-transparent-header-meta":"","adv-header-id-meta":"","stick-header-meta":"","header-above-stick-meta":"","header-main-stick-meta":"","header-below-stick-meta":"","astra-migrate-meta-layouts":"set","ast-page-background-enabled":"default","ast-page-background-meta":{"desktop":{"background-color":"","background-image":"","background-repeat":"repeat","background-position":"center center","background-size":"auto","background-attachment":"scroll","background-type":"","background-media":"","overlay-type":"","overlay-color":"","overlay-gradient":""},"tablet":{"background-color":"","background-image":"","background-repeat":"repeat","background-position":"center center","background-size":"auto","background-attachment":"scroll","background-type":"","background-media":"","overlay-type":"","overlay-color":"","overlay-gradient":""},"mobile":{"background-color":"","background-image":"","background-repeat":"repeat","background-position":"center center","background-size":"auto","background-attachment":"scroll","background-type":"","background-media":"","overlay-type":"","overlay-color":"","overlay-gradient":""}},"ast-content-background-meta":{"desktop":{"background-color":"var(--ast-global-color-5)","background-image":"","background-repeat":"repeat","background-position":"center center","background-size":"auto","background-attachment":"scroll","background-type":"","background-media":"","overlay-type":"","overlay-color":"","overlay-gradient":""},"tablet":{"background-color":"var(--ast-global-color-5)","background-image":"","background-repeat":"repeat","background-position":"center center","background-size":"auto","background-attachment":"scroll","background-type":"","background-media":"","overlay-type":"","overlay-color":"","overlay-gradient":""},"mobile":{"background-color":"var(--ast-global-color-5)","background-image":"","background-repeat":"repeat","background-position":"center center","background-size":"auto","background-attachment":"scroll","background-type":"","background-media":"","overlay-type":"","overlay-color":"","overlay-gradient":""}},"footnotes":""},"uagb_featured_image_src":{"full":false,"thumbnail":false,"medium":false,"medium_large":false,"large":false,"1536x1536":false,"2048x2048":false},"uagb_author_info":{"display_name":"salimane.issifou","author_link":"https:\/\/bellevue.bellevueong.org\/?author=1"},"uagb_comment_info":0,"uagb_excerpt":"Protection de l&#8217;enfant Promouvoir le renforcement de la famille Nous travaillons en conformit\u00e9 avec les lignes directrices des nations unies relatives \u00e0 la protection de remplacement pour les enfants et la r\u00e9solution des nations unies de 2019 sur les droits de l\u2019enfant ax\u00e9e sur les enfants priv\u00e9s de protection parentale. A ce titre, nous avons&hellip;","_links":{"self":[{"href":"https:\/\/bellevue.bellevueong.org\/index.php?rest_route=\/wp\/v2\/pages\/3798"}],"collection":[{"href":"https:\/\/bellevue.bellevueong.org\/index.php?rest_route=\/wp\/v2\/pages"}],"about":[{"href":"https:\/\/bellevue.bellevueong.org\/index.php?rest_route=\/wp\/v2\/types\/page"}],"author":[{"embeddable":true,"href":"https:\/\/bellevue.bellevueong.org\/index.php?rest_route=\/wp\/v2\/users\/1"}],"replies":[{"embeddable":true,"href":"https:\/\/bellevue.bellevueong.org\/index.php?rest_route=%2Fwp%2Fv2%2Fcomments&post=3798"}],"version-history":[{"count":4,"href":"https:\/\/bellevue.bellevueong.org\/index.php?rest_route=\/wp\/v2\/pages\/3798\/revisions"}],"predecessor-version":[{"id":3803,"href":"https:\/\/bellevue.bellevueong.org\/index.php?rest_route=\/wp\/v2\/pages\/3798\/revisions\/3803"}],"wp:attachment":[{"href":"https:\/\/bellevue.bellevueong.org\/index.php?rest_route=%2Fwp%2Fv2%2Fmedia&parent=3798"}],"curies":[{"name":"wp","href":"https:\/\/api.w.org\/{rel}","templated":true}]}}